{"id":215,"date":"2020-08-26T14:56:11","date_gmt":"2020-08-26T17:56:11","guid":{"rendered":"http:\/\/www.dbvb.utalca.cl\/dbvb\/?page_id=215"},"modified":"2025-05-07T10:57:38","modified_gmt":"2025-05-07T13:57:38","slug":"estudiantes","status":"publish","type":"page","link":"https:\/\/www.dbvb.utalca.cl\/dbvb\/?page_id=215","title":{"rendered":"Estudiantes"},"content":{"rendered":"<div class=\"fusion-fullwidth fullwidth-box fusion-builder-row-1 nonhundred-percent-fullwidth non-hundred-percent-height-scrolling\"  style='background-color: rgba(255,255,255,0);background-position: center center;background-repeat: no-repeat;padding-top:0px;padding-right:0px;padding-bottom:0px;padding-left:0px;'><div class=\"fusion-builder-row fusion-row \"><div  class=\"fusion-layout-column fusion_builder_column fusion_builder_column_1_1 fusion-builder-column-0 fusion-one-full fusion-column-first fusion-column-last 1_1\"  style='margin-top:0px;margin-bottom:20px;'><div class=\"fusion-column-wrapper\" style=\"padding: 0px 0px 0px 0px;background-position:left top;background-repeat:no-repeat;-webkit-background-size:cover;-moz-background-size:cover;-o-background-size:cover;background-size:cover;\"   data-bg-url=\"\"><style type=\"text\/css\">@media only screen and (max-width:800px) {.fusion-title.fusion-title-1{margin-top:10px!important;margin-bottom:10px!important;}}<\/style><div class=\"fusion-title title fusion-title-1 fusion-title-text fusion-title-size-two\" style=\"margin-top:10px;margin-bottom:15px;\"><h2 class=\"title-heading-left\" style=\"margin:0;\">Estudiantes<\/h2><div class=\"title-sep-container\"><div class=\"title-sep sep-double sep-solid\" style=\"border-color:#e2e2e2;\"><\/div><\/div><\/div><style type=\"text\/css\">.fusion-accordian  #accordion-215-1 .panel-title a .fa-fusion-box{ color: #ffffff;}.fusion-accordian  #accordion-215-1 .panel-title a .fa-fusion-box:before{ font-size: 32px; width: 32px;}.fusion-accordian  #accordion-215-1 .panel-title a{font-size:30px;}.fusion-accordian  #accordion-215-1 .fa-fusion-box { background-color: #212934;border-color: #212934;}.fusion-accordian  #accordion-215-1 .panel-title a:hover, #accordion-215-1 .fusion-toggle-boxed-mode:hover .panel-title a { color: #00bcd4;}.fusion-accordian  #accordion-215-1 .panel-title .active .fa-fusion-box,.fusion-accordian  #accordion-215-1 .panel-title a:hover .fa-fusion-box { background-color: #00bcd4!important;border-color: #00bcd4!important;}<\/style><div class=\"accordian fusion-accordian\"><div class=\"panel-group\" id=\"accordion-215-1\" role=\"tablist\"><div class=\"fusion-panel panel-default\" role=\"tabpanel\"><div class=\"panel-heading\"><h4 class=\"panel-title toggle\"><a class=\"active\" aria-expanded=\"true\" aria-selected=\"true\" aria-controls=\"a9d9ca394de86943f\" role=\"tab\" data-toggle=\"collapse\" data-parent=\"#accordion-215-1\" data-target=\"#a9d9ca394de86943f\" href=\"#a9d9ca394de86943f\"><span class=\"fusion-toggle-icon-wrapper\" aria-hidden=\"true\"><i class=\"fa-fusion-box\"><\/i><\/span><span class=\"fusion-toggle-heading\">2025<\/span><\/a><\/h4><\/div><div id=\"a9d9ca394de86943f\" class=\"panel-collapse collapse in\"><div class=\"panel-body toggle-content fusion-clearfix\">\n<ul>\n<li>Hadis Arellano V\u00e1squez &#8211; <em><strong><a href=\"mailto:hadis.arellano@utalca.cl\">hadis.arellano@utalca.cl<\/a><\/strong><\/em><\/li>\n<li>Paula \u00c1vila Mora &#8211;<em><strong> <a href=\"mailto:pavila20@alumnos.utalca.cl\">pavila20@alumnos.utalca.cl<\/a><\/strong><\/em><\/li>\n<li>Manuel Castro Becerra &#8211;<em><strong> <a href=\"mailto:manuel.castro@utalca.cl\">manuel.castro@utalca.cl<\/a><\/strong><\/em><\/li>\n<li>Natalia Rivera Villena &#8211;<em><strong> <a href=\"mailto:natalia.rivera@utalca.cl\">natalia.rivera@utalca.cl<\/a><\/strong><\/em><\/li>\n<\/ul>\n<\/div><\/div><\/div><div class=\"fusion-panel panel-default\" role=\"tabpanel\"><div class=\"panel-heading\"><h4 class=\"panel-title toggle\"><a aria-expanded=\"false\" aria-selected=\"false\" aria-controls=\"9285365d72d3fd191\" role=\"tab\" data-toggle=\"collapse\" data-parent=\"#accordion-215-1\" data-target=\"#9285365d72d3fd191\" href=\"#9285365d72d3fd191\"><span class=\"fusion-toggle-icon-wrapper\" aria-hidden=\"true\"><i class=\"fa-fusion-box\"><\/i><\/span><span class=\"fusion-toggle-heading\">2024<\/span><\/a><\/h4><\/div><div id=\"9285365d72d3fd191\" class=\"panel-collapse collapse \"><div class=\"panel-body toggle-content fusion-clearfix\">\n<ul>\n<li>Leobel Fajardo Cede\u00f1o &#8211; <em><strong><a href=\"mailto:leobel.fajardo@utalca.cl\">leobel.fajardo@utalca.cl<\/a><\/strong><\/em><\/li>\n<li>Francisca Hormaz\u00e1bal Abarza &#8211;<em> <strong><a href=\"mailto:francisca.hormazabal@utalca.cl\">francisca.hormazabal@utalca.cl<\/a><\/strong><\/em><\/li>\n<li>Juan Mora Hern\u00e1ndez &#8211; <em><strong><a href=\"mailto:juan.mora@utalca.cl\">juan.mora@utalca.cl<\/a><\/strong><\/em><\/li>\n<li>Mar\u00eda Y\u00e1\u00f1ez Ortega &#8211; <em><strong><a href=\"mailto:maria.yanezo@utalca.cl\">maria.yanezo@utalca.cl<\/a><\/strong><\/em><\/li>\n<li>Milenka Rivera Sandoval &#8211; <em><strong><a href=\"mailto:milenka.rivera@utalca.cl\">milenka.rivera@utalca.cl<\/a><\/strong><\/em><\/li>\n<li>C\u00e9sar Rodr\u00edguez Mendoza &#8211; <em><strong><a href=\"mailto:cesar.rodriguez@utalca.cl\">cesar.rodriguez@utalca.cl<\/a><\/strong><\/em><\/li>\n<li>Yessica San Miguel Flores &#8211; <em><strong><a href=\"mailto:yessica.sanmiguel@utalca.cl\">yessica.sanmiguel@utalca.cl<\/a><\/strong><\/em><\/li>\n<\/ul>\n<\/div><\/div><\/div><div class=\"fusion-panel panel-default\" role=\"tabpanel\"><div class=\"panel-heading\"><h4 class=\"panel-title toggle\"><a aria-expanded=\"false\" aria-selected=\"false\" aria-controls=\"a66dfbda96b69b955\" role=\"tab\" data-toggle=\"collapse\" data-parent=\"#accordion-215-1\" data-target=\"#a66dfbda96b69b955\" href=\"#a66dfbda96b69b955\"><span class=\"fusion-toggle-icon-wrapper\" aria-hidden=\"true\"><i class=\"fa-fusion-box\"><\/i><\/span><span class=\"fusion-toggle-heading\">2023<\/span><\/a><\/h4><\/div><div id=\"a66dfbda96b69b955\" class=\"panel-collapse collapse \"><div class=\"panel-body toggle-content fusion-clearfix\">\n<ul>\n<li><em>Eliana Bustos Guajardo \u2013 <\/em><strong><em><a href=\"mailto:ebustos18@alumnos.utalca.cl\">ebustos18@alumnos.utalca.cl<\/a><\/em><\/strong><\/li>\n<li><em>Ana Gonz\u00e1lez Feli\u00fa \u2013 <\/em><strong><em><a href=\"mailto:ana.gonzalez@utalca.cl\">ana.gonzalez@utalca.cl<\/a><\/em><\/strong><\/li>\n<li><em>Vanessa Gonz\u00e1lez Garrido \u2013 <\/em><strong><em><a href=\"mailto:vgonzalez18@alumnos.utalca.cl\">vgonzalez18@alumnos.utalca.cl<\/a><\/em><\/strong><\/li>\n<li><em>Asel Guilarte Ga\u00ednza \u2013 <\/em><strong><em><a href=\"mailto:asel.guilarte@utalca.cl\">asel.guilarte@utalca.cl<\/a><\/em><\/strong><\/li>\n<li><em>Carolina Morales Saavedra \u2013 <\/em><strong><em><a href=\"mailto:carolina.morales@utalca.cl\">carolina.morales@utalca.cl<\/a><\/em><\/strong><\/li>\n<li><em>Jos\u00e9 Mart\u00edn Romero Garc\u00eda \u2013 <\/em><strong><em><a href=\"mailto:jose.romero@utalca.cl\">jose.romero@utalca.cl<\/a><\/em><\/strong><\/li>\n<li><em>Mat\u00edas Troncoso Aravena \u2013 <\/em><strong><em><a href=\"mailto:matiastroncosohc@gmail.com\">matiastroncosohc@gmail.com<\/a><\/em><\/strong><\/li>\n<\/ul>\n<\/div><\/div><\/div><div class=\"fusion-panel panel-default\" role=\"tabpanel\"><div class=\"panel-heading\"><h4 class=\"panel-title toggle\"><a aria-expanded=\"false\" aria-selected=\"false\" aria-controls=\"0a28c31e9ad9d3544\" role=\"tab\" data-toggle=\"collapse\" data-parent=\"#accordion-215-1\" data-target=\"#0a28c31e9ad9d3544\" href=\"#0a28c31e9ad9d3544\"><span class=\"fusion-toggle-icon-wrapper\" aria-hidden=\"true\"><i class=\"fa-fusion-box\"><\/i><\/span><span class=\"fusion-toggle-heading\">2022<\/span><\/a><\/h4><\/div><div id=\"0a28c31e9ad9d3544\" class=\"panel-collapse collapse \"><div class=\"panel-body toggle-content fusion-clearfix\">\n<ul>\n<li>Mohsin Ali &#8211;\u00a0<strong><a href=\"mailto:mohsin.ali@utalca.cl\">mohsin.ali@utalca.cl<\/a><\/strong><\/li>\n<li>Yasnaya Bolua Hern\u00e1ndez &#8211;\u00a0<strong><a href=\"mailto:yasnaya.bolua@utalca.cl\">yasnaya.bolua@utalca.cl<\/a><\/strong><\/li>\n<\/ul>\n<\/div><\/div><\/div><div class=\"fusion-panel panel-default\" role=\"tabpanel\"><div class=\"panel-heading\"><h4 class=\"panel-title toggle\"><a aria-expanded=\"false\" aria-selected=\"false\" aria-controls=\"cbcabf40ae1c38c17\" role=\"tab\" data-toggle=\"collapse\" data-parent=\"#accordion-215-1\" data-target=\"#cbcabf40ae1c38c17\" href=\"#cbcabf40ae1c38c17\"><span class=\"fusion-toggle-icon-wrapper\" aria-hidden=\"true\"><i class=\"fa-fusion-box\"><\/i><\/span><span class=\"fusion-toggle-heading\">2021<\/span><\/a><\/h4><\/div><div id=\"cbcabf40ae1c38c17\" class=\"panel-collapse collapse \"><div class=\"panel-body toggle-content fusion-clearfix\">\n<blockquote><p>Carolina Butanda Mart\u00ednez <strong><a href=\"mailto:carolina.butanda@utalca.cl\">carolina.butanda@utalca.cl<\/a><\/strong><br \/>\nAn\u00edbal G\u00f3mez Fuentes <strong><a href=\"mailto:anibal.gomez@utalca.cl\">anibal.gomez@utalca.cl<\/a><\/strong><br \/>\nMaybeling Junco Solorzano <strong><a href=\"mailto:maybeling.junco@utalca.cl\">maybelingjunco@utalca.cl<\/a><\/strong><br \/>\nFabi\u00e1n Soto Mu\u00f1oz <strong><a href=\"mailto:fabian.sotom@utalca.cl\">fabian.sotom@utalca.cl<\/a><\/strong><br \/>\nFrank Zarraga Barco <strong><a href=\"mailto:frank.zarraga@utalca.cl\">frank.zarraga@utalca.cl<\/a><\/strong><\/p><\/blockquote>\n<\/div><\/div><\/div><div class=\"fusion-panel panel-default\" role=\"tabpanel\"><div class=\"panel-heading\"><h4 class=\"panel-title toggle\"><a aria-expanded=\"false\" aria-selected=\"false\" aria-controls=\"aae0ea1ca1aee93ab\" role=\"tab\" data-toggle=\"collapse\" data-parent=\"#accordion-215-1\" data-target=\"#aae0ea1ca1aee93ab\" href=\"#aae0ea1ca1aee93ab\"><span class=\"fusion-toggle-icon-wrapper\" aria-hidden=\"true\"><i class=\"fa-fusion-box\"><\/i><\/span><span class=\"fusion-toggle-heading\">2020<\/span><\/a><\/h4><\/div><div id=\"aae0ea1ca1aee93ab\" class=\"panel-collapse collapse \"><div class=\"panel-body toggle-content fusion-clearfix\">\n<blockquote><p>Roberto Mi\u00f1o Ortiz <strong><a href=\"mailto:roberto.mino@utalca.cl\">roberto.mino@utalca.cl<\/a><\/strong><\/p><\/blockquote>\n<\/div><\/div><\/div><div class=\"fusion-panel panel-default\" role=\"tabpanel\"><div class=\"panel-heading\"><h4 class=\"panel-title toggle\"><a aria-expanded=\"false\" aria-selected=\"false\" aria-controls=\"e8f6352f2cdd64efa\" role=\"tab\" data-toggle=\"collapse\" data-parent=\"#accordion-215-1\" data-target=\"#e8f6352f2cdd64efa\" href=\"#e8f6352f2cdd64efa\"><span class=\"fusion-toggle-icon-wrapper\" aria-hidden=\"true\"><i class=\"fa-fusion-box\"><\/i><\/span><span class=\"fusion-toggle-heading\">2019<\/span><\/a><\/h4><\/div><div id=\"e8f6352f2cdd64efa\" class=\"panel-collapse collapse \"><div class=\"panel-body toggle-content fusion-clearfix\">\n<blockquote><p>Celia Delgado Abad <strong><a href=\"mailto:celia.delgado@utalca.cl\">celia.delgado@utalca.cl<\/a><\/strong><br \/>\nClaudia Egas Egas <strong><a href=\"mailto:claudia.egas@utalca.cl\">claudia.egas@utalca.cl<\/a><\/strong><br \/>\nKarla Jara Cornejo <strong><a href=\"mailto:karla.jara@utalca.cl\">karla.jara@utalca.cl<\/a><\/strong><br \/>\nSayonara Plata Arboleda <strong><a href=\"mailto:sayonara.plata@utalca.cl\">sayonara.plata@utalca.cl<\/a><\/strong><br \/>\nClaudia Rivera Mora <strong><a href=\"mailto:claudia.rivera@utalca.cl\">claudia.rivera@utalca.cl<\/a><\/strong><br \/>\nPaz Z\u00fa\u00f1iga Gonz\u00e1lez <strong><a href=\"mailto:paz.zuniga@utalca.cl\">paz.zuniga@utalca.cl<\/a><\/strong><\/p><\/blockquote>\n<\/div><\/div><\/div><\/div><\/div><div class=\"fusion-clearfix\"><\/div><\/div><\/div><\/div><\/div><style type=\"text\/css\">.fusion-fullwidth.fusion-builder-row-1 a:not(.fusion-button):not(.fusion-builder-module-control):not(.fusion-social-network-icon):not(.fb-icon-element):not(.fusion-countdown-link):not(.fusion-rollover-link):not(.fusion-rollover-gallery):not(.fusion-button-bar):not(.add_to_cart_button):not(.show_details_button):not(.product_type_external):not(.fusion-quick-view):not(.fusion-rollover-title-link):not(.fusion-breadcrumb-link) , .fusion-fullwidth.fusion-builder-row-1 a:not(.fusion-button):not(.fusion-builder-module-control):not(.fusion-social-network-icon):not(.fb-icon-element):not(.fusion-countdown-link):not(.fusion-rollover-link):not(.fusion-rollover-gallery):not(.fusion-button-bar):not(.add_to_cart_button):not(.show_details_button):not(.product_type_external):not(.fusion-quick-view):not(.fusion-rollover-title-link):not(.fusion-breadcrumb-link):before, .fusion-fullwidth.fusion-builder-row-1 a:not(.fusion-button):not(.fusion-builder-module-control):not(.fusion-social-network-icon):not(.fb-icon-element):not(.fusion-countdown-link):not(.fusion-rollover-link):not(.fusion-rollover-gallery):not(.fusion-button-bar):not(.add_to_cart_button):not(.show_details_button):not(.product_type_external):not(.fusion-quick-view):not(.fusion-rollover-title-link):not(.fusion-breadcrumb-link):after {color: #212934;}.fusion-fullwidth.fusion-builder-row-1 a:not(.fusion-button):not(.fusion-builder-module-control):not(.fusion-social-network-icon):not(.fb-icon-element):not(.fusion-countdown-link):not(.fusion-rollover-link):not(.fusion-rollover-gallery):not(.fusion-button-bar):not(.add_to_cart_button):not(.show_details_button):not(.product_type_external):not(.fusion-quick-view):not(.fusion-rollover-title-link):not(.fusion-breadcrumb-link):hover, .fusion-fullwidth.fusion-builder-row-1 a:not(.fusion-button):not(.fusion-builder-module-control):not(.fusion-social-network-icon):not(.fb-icon-element):not(.fusion-countdown-link):not(.fusion-rollover-link):not(.fusion-rollover-gallery):not(.fusion-button-bar):not(.add_to_cart_button):not(.show_details_button):not(.product_type_external):not(.fusion-quick-view):not(.fusion-rollover-title-link):not(.fusion-breadcrumb-link):hover:before, .fusion-fullwidth.fusion-builder-row-1 a:not(.fusion-button):not(.fusion-builder-module-control):not(.fusion-social-network-icon):not(.fb-icon-element):not(.fusion-countdown-link):not(.fusion-rollover-link):not(.fusion-rollover-gallery):not(.fusion-button-bar):not(.add_to_cart_button):not(.show_details_button):not(.product_type_external):not(.fusion-quick-view):not(.fusion-rollover-title-link):not(.fusion-breadcrumb-link):hover:after {color: #00bcd4;}.fusion-fullwidth.fusion-builder-row-1 .pagination a.inactive:hover, .fusion-fullwidth.fusion-builder-row-1 .fusion-filters .fusion-filter.fusion-active a {border-color: #00bcd4;}.fusion-fullwidth.fusion-builder-row-1 .pagination .current {border-color: #00bcd4; background-color: #00bcd4;}.fusion-fullwidth.fusion-builder-row-1 .fusion-filters .fusion-filter.fusion-active a, .fusion-fullwidth.fusion-builder-row-1 .fusion-date-and-formats .fusion-format-box, .fusion-fullwidth.fusion-builder-row-1 .fusion-popover, .fusion-fullwidth.fusion-builder-row-1 .tooltip-shortcode {color: #00bcd4;}#main .fusion-fullwidth.fusion-builder-row-1 .post .blog-shortcode-post-title a:hover {color: #00bcd4;}<\/style>\n","protected":false},"excerpt":{"rendered":"","protected":false},"author":1,"featured_media":0,"parent":0,"menu_order":0,"comment_status":"closed","ping_status":"closed","template":"","meta":[],"_links":{"self":[{"href":"https:\/\/www.dbvb.utalca.cl\/dbvb\/index.php?rest_route=\/wp\/v2\/pages\/215"}],"collection":[{"href":"https:\/\/www.dbvb.utalca.cl\/dbvb\/index.php?rest_route=\/wp\/v2\/pages"}],"about":[{"href":"https:\/\/www.dbvb.utalca.cl\/dbvb\/index.php?rest_route=\/wp\/v2\/types\/page"}],"author":[{"embeddable":true,"href":"https:\/\/www.dbvb.utalca.cl\/dbvb\/index.php?rest_route=\/wp\/v2\/users\/1"}],"replies":[{"embeddable":true,"href":"https:\/\/www.dbvb.utalca.cl\/dbvb\/index.php?rest_route=%2Fwp%2Fv2%2Fcomments&post=215"}],"version-history":[{"count":19,"href":"https:\/\/www.dbvb.utalca.cl\/dbvb\/index.php?rest_route=\/wp\/v2\/pages\/215\/revisions"}],"predecessor-version":[{"id":2493,"href":"https:\/\/www.dbvb.utalca.cl\/dbvb\/index.php?rest_route=\/wp\/v2\/pages\/215\/revisions\/2493"}],"wp:attachment":[{"href":"https:\/\/www.dbvb.utalca.cl\/dbvb\/index.php?rest_route=%2Fwp%2Fv2%2Fmedia&parent=215"}],"curies":[{"name":"wp","href":"https:\/\/api.w.org\/{rel}","templated":true}]}}