{"id":305,"date":"2020-09-23T22:31:18","date_gmt":"2020-09-24T01:31:18","guid":{"rendered":"http:\/\/www.dbvb.utalca.cl\/dbvb\/?page_id=305"},"modified":"2021-05-12T13:18:16","modified_gmt":"2021-05-12T16:18:16","slug":"noticias","status":"publish","type":"page","link":"https:\/\/www.dbvb.utalca.cl\/dbvb\/?page_id=305","title":{"rendered":"Noticias"},"content":{"rendered":"<div class=\"fusion-fullwidth fullwidth-box fusion-builder-row-1 nonhundred-percent-fullwidth non-hundred-percent-height-scrolling\"  style='background-color: rgba(255,255,255,0);background-position: center center;background-repeat: no-repeat;padding-top:0px;padding-right:0px;padding-bottom:0px;padding-left:0px;'><div class=\"fusion-builder-row fusion-row \"><div  class=\"fusion-layout-column fusion_builder_column fusion_builder_column_1_1 fusion-builder-column-0 fusion-one-full fusion-column-first fusion-column-last 1_1\"  style='margin-top:0px;margin-bottom:20px;'><div class=\"fusion-column-wrapper\" style=\"padding: 0px 0px 0px 0px;background-position:left top;background-repeat:no-repeat;-webkit-background-size:cover;-moz-background-size:cover;-o-background-size:cover;background-size:cover;\"   data-bg-url=\"\"><style type=\"text\/css\">@media only screen and (max-width:800px) {.fusion-title.fusion-title-1{margin-top:10px!important;margin-bottom:10px!important;}}<\/style><div class=\"fusion-title title fusion-title-1 fusion-title-text fusion-title-size-two\" style=\"margin-top:10px;margin-bottom:15px;\"><h2 class=\"title-heading-left\" style=\"margin:0;\">Noticias<\/h2><div class=\"title-sep-container\"><div class=\"title-sep sep-double sep-solid\" style=\"border-color:#e2e2e2;\"><\/div><\/div><\/div><div class=\"fusion-recent-posts fusion-recent-posts-1 avada-container layout-default layout-columns-3\"><section class=\"fusion-columns columns fusion-columns-3 columns-3\"><article class=\"post fusion-column column col col-lg-4 col-md-4 col-sm-4\"><div class=\"fusion-flexslider fusion-flexslider-loading flexslider flexslider-hover-type-zoomout\"><ul class=\"slides\"><li><a href=\"https:\/\/www.dbvb.utalca.cl\/dbvb\/?p=2806\" aria-label=\"&#8220;X Encuentro Cient\u00edfico Biolog\u00eda Vegetal y Biotecnolog\u00eda&#8221;\" class=\"hover-type-zoomout\"><img width=\"700\" height=\"441\" src=\"https:\/\/www.dbvb.utalca.cl\/dbvb\/wp-content\/uploads\/2026\/05\/V2-700x441.png\" class=\"attachment-recent-posts size-recent-posts\" alt=\"\" loading=\"lazy\" srcset=\"https:\/\/www.dbvb.utalca.cl\/dbvb\/wp-content\/uploads\/2026\/05\/V2-320x202.png 320w, https:\/\/www.dbvb.utalca.cl\/dbvb\/wp-content\/uploads\/2026\/05\/V2-700x441.png 700w\" sizes=\"(max-width: 700px) 100vw, 700px\" \/><\/a><\/li><\/ul><\/div><div class=\"recent-posts-content\"><span class=\"vcard\" style=\"display: none;\"><span class=\"fn\"><a href=\"https:\/\/www.dbvb.utalca.cl\/dbvb\/?author=4\" title=\"Publicados por Francisca Faundez\" rel=\"author\">Francisca Faundez<\/a><\/span><\/span><span class=\"updated\" style=\"display:none;\">2026-05-13T11:40:42-03:00<\/span><h4 class=\"entry-title\"><a href=\"https:\/\/www.dbvb.utalca.cl\/dbvb\/?p=2806\">&#8220;X Encuentro Cient\u00edfico Biolog\u00eda Vegetal y Biotecnolog\u00eda&#8221;<\/a><\/h4><p class=\"meta\"><span class=\"vcard\" style=\"display: none;\"><span class=\"fn\"><a href=\"https:\/\/www.dbvb.utalca.cl\/dbvb\/?author=4\" title=\"Publicados por Francisca Faundez\" rel=\"author\">Francisca Faundez<\/a><\/span><\/span><span class=\"updated\" style=\"display:none;\">2026-05-13T11:40:42-03:00<\/span><span>Mayo 13th, 2026<\/span><span class=\"fusion-inline-sep\">|<\/span><span class=\"fusion-comments\"><a href=\"https:\/\/www.dbvb.utalca.cl\/dbvb\/?p=2806#respond\">0 Comments<\/a><\/span><\/p><p>Save The Date:\u00a0\"X Encuentro Cient\u00edfico Biolog\u00eda Vegetal y Biotecnolog\u00eda\"\u00a0 \u00a0 Ag\u00e9ndalo: 23 - 25 de septiembre de 2026. Campus Talca. Universidad de Talca. Chile \u00a0 M\u00e1s info, dudas o consultas, escribe a: contactodigv@utalca.cl \u00a0 \u00a1Te [...]<\/p><\/div><\/article><article class=\"post fusion-column column col col-lg-4 col-md-4 col-sm-4\"><div class=\"fusion-flexslider fusion-flexslider-loading flexslider flexslider-hover-type-zoomout\"><ul class=\"slides\"><li><a href=\"https:\/\/www.dbvb.utalca.cl\/dbvb\/?p=2800\" aria-label=\"Invitaci\u00f3n SEMINARIO DBVB 14.05.26 &#8211; Dr. Gabriel Ballesteros\" class=\"hover-type-zoomout\"><img width=\"700\" height=\"441\" src=\"https:\/\/www.dbvb.utalca.cl\/dbvb\/wp-content\/uploads\/2026\/05\/14.05.26-700x441.png\" class=\"attachment-recent-posts size-recent-posts\" alt=\"\" loading=\"lazy\" srcset=\"https:\/\/www.dbvb.utalca.cl\/dbvb\/wp-content\/uploads\/2026\/05\/14.05.26-320x202.png 320w, https:\/\/www.dbvb.utalca.cl\/dbvb\/wp-content\/uploads\/2026\/05\/14.05.26-700x441.png 700w\" sizes=\"(max-width: 700px) 100vw, 700px\" \/><\/a><\/li><\/ul><\/div><div class=\"recent-posts-content\"><span class=\"vcard\" style=\"display: none;\"><span class=\"fn\"><a href=\"https:\/\/www.dbvb.utalca.cl\/dbvb\/?author=4\" title=\"Publicados por Francisca Faundez\" rel=\"author\">Francisca Faundez<\/a><\/span><\/span><span class=\"updated\" style=\"display:none;\">2026-05-12T10:45:09-03:00<\/span><h4 class=\"entry-title\"><a href=\"https:\/\/www.dbvb.utalca.cl\/dbvb\/?p=2800\">Invitaci\u00f3n SEMINARIO DBVB 14.05.26 &#8211; Dr. Gabriel Ballesteros<\/a><\/h4><p class=\"meta\"><span class=\"vcard\" style=\"display: none;\"><span class=\"fn\"><a href=\"https:\/\/www.dbvb.utalca.cl\/dbvb\/?author=4\" title=\"Publicados por Francisca Faundez\" rel=\"author\">Francisca Faundez<\/a><\/span><\/span><span class=\"updated\" style=\"display:none;\">2026-05-12T10:45:09-03:00<\/span><span>Mayo 12th, 2026<\/span><span class=\"fusion-inline-sep\">|<\/span><span class=\"fusion-comments\"><a href=\"https:\/\/www.dbvb.utalca.cl\/dbvb\/?p=2800#respond\">0 Comments<\/a><\/span><\/p><p>En el marco del Ciclo de Seminarios del a\u00f1o acad\u00e9mico 2026, organizado por el Doctorado en Ciencias menci\u00f3n Biolog\u00eda Vegetal y Biotecnolog\u00eda (DBVB), tenemos el agrado de invitarlas\/os a participar de la charla titulada:\u00a0\"Los hongos [...]<\/p><\/div><\/article><article class=\"post fusion-column column col col-lg-4 col-md-4 col-sm-4\"><div class=\"fusion-flexslider fusion-flexslider-loading flexslider flexslider-hover-type-zoomout\"><ul class=\"slides\"><li><a href=\"https:\/\/www.dbvb.utalca.cl\/dbvb\/?p=2790\" aria-label=\"Quehacer Cient\u00edfico Estudiantes Doctorado en Ciencias menci\u00f3n Biolog\u00eda Vegetal y Biotecnolog\u00eda\" class=\"hover-type-zoomout\"><img width=\"700\" height=\"441\" src=\"https:\/\/www.dbvb.utalca.cl\/dbvb\/wp-content\/uploads\/2026\/05\/Eliana-Bustos-Guajardo-1-700x441.png\" class=\"attachment-recent-posts size-recent-posts\" alt=\"\" loading=\"lazy\" srcset=\"https:\/\/www.dbvb.utalca.cl\/dbvb\/wp-content\/uploads\/2026\/05\/Eliana-Bustos-Guajardo-1-320x202.png 320w, https:\/\/www.dbvb.utalca.cl\/dbvb\/wp-content\/uploads\/2026\/05\/Eliana-Bustos-Guajardo-1-700x441.png 700w\" sizes=\"(max-width: 700px) 100vw, 700px\" \/><\/a><\/li><\/ul><\/div><div class=\"recent-posts-content\"><span class=\"vcard\" style=\"display: none;\"><span class=\"fn\"><a href=\"https:\/\/www.dbvb.utalca.cl\/dbvb\/?author=4\" title=\"Publicados por Francisca Faundez\" rel=\"author\">Francisca Faundez<\/a><\/span><\/span><span class=\"updated\" style=\"display:none;\">2026-05-05T17:47:28-03:00<\/span><h4 class=\"entry-title\"><a href=\"https:\/\/www.dbvb.utalca.cl\/dbvb\/?p=2790\">Quehacer Cient\u00edfico Estudiantes Doctorado en Ciencias menci\u00f3n Biolog\u00eda Vegetal y Biotecnolog\u00eda<\/a><\/h4><p class=\"meta\"><span class=\"vcard\" style=\"display: none;\"><span class=\"fn\"><a href=\"https:\/\/www.dbvb.utalca.cl\/dbvb\/?author=4\" title=\"Publicados por Francisca Faundez\" rel=\"author\">Francisca Faundez<\/a><\/span><\/span><span class=\"updated\" style=\"display:none;\">2026-05-05T17:47:28-03:00<\/span><span>Mayo 5th, 2026<\/span><span class=\"fusion-inline-sep\">|<\/span><span class=\"fusion-comments\"><a href=\"https:\/\/www.dbvb.utalca.cl\/dbvb\/?p=2790#respond\">0 Comments<\/a><\/span><\/p><p>Destacamos a Eliana Bustos Guajardo, estudiante del programa, cohorte 2023, quien recientemente envi\u00f3 el primer manuscrito derivado de su tesis doctoral, titulado \u201cSink prioritization after carbon stress in Quillaja saponaria, a tree species endemic to [...]<\/p><\/div><\/article><article class=\"post fusion-column column col col-lg-4 col-md-4 col-sm-4\"><div class=\"fusion-flexslider fusion-flexslider-loading flexslider flexslider-hover-type-zoomout\"><ul class=\"slides\"><li><a href=\"https:\/\/www.dbvb.utalca.cl\/dbvb\/?p=2797\" aria-label=\"Invitaci\u00f3n SEMINARIO DBVB 07.05.26 &#8211; Dra. Mar\u00eda Dolores L\u00f3pez Belchi\" class=\"hover-type-zoomout\"><img width=\"700\" height=\"441\" src=\"https:\/\/www.dbvb.utalca.cl\/dbvb\/wp-content\/uploads\/2026\/05\/07.05-700x441.png\" class=\"attachment-recent-posts size-recent-posts\" alt=\"\" loading=\"lazy\" srcset=\"https:\/\/www.dbvb.utalca.cl\/dbvb\/wp-content\/uploads\/2026\/05\/07.05-320x202.png 320w, https:\/\/www.dbvb.utalca.cl\/dbvb\/wp-content\/uploads\/2026\/05\/07.05-700x441.png 700w\" sizes=\"(max-width: 700px) 100vw, 700px\" \/><\/a><\/li><\/ul><\/div><div class=\"recent-posts-content\"><span class=\"vcard\" style=\"display: none;\"><span class=\"fn\"><a href=\"https:\/\/www.dbvb.utalca.cl\/dbvb\/?author=4\" title=\"Publicados por Francisca Faundez\" rel=\"author\">Francisca Faundez<\/a><\/span><\/span><span class=\"updated\" style=\"display:none;\">2026-05-07T12:36:46-03:00<\/span><h4 class=\"entry-title\"><a href=\"https:\/\/www.dbvb.utalca.cl\/dbvb\/?p=2797\">Invitaci\u00f3n SEMINARIO DBVB 07.05.26 &#8211; Dra. Mar\u00eda Dolores L\u00f3pez Belchi<\/a><\/h4><p class=\"meta\"><span class=\"vcard\" style=\"display: none;\"><span class=\"fn\"><a href=\"https:\/\/www.dbvb.utalca.cl\/dbvb\/?author=4\" title=\"Publicados por Francisca Faundez\" rel=\"author\">Francisca Faundez<\/a><\/span><\/span><span class=\"updated\" style=\"display:none;\">2026-05-07T12:36:46-03:00<\/span><span>Mayo 4th, 2026<\/span><span class=\"fusion-inline-sep\">|<\/span><span class=\"fusion-comments\"><a href=\"https:\/\/www.dbvb.utalca.cl\/dbvb\/?p=2797#respond\">0 Comments<\/a><\/span><\/p><p>En el marco del Ciclo de Seminarios del a\u00f1o acad\u00e9mico 2026, organizado por el Doctorado en Ciencias menci\u00f3n Biolog\u00eda Vegetal y Biotecnolog\u00eda (DBVB), tenemos el agrado de invitarlas\/os a participar de la charla titulada:\u00a0\"Compuestos bioactivos [...]<\/p><\/div><\/article><article class=\"post fusion-column column col col-lg-4 col-md-4 col-sm-4\"><div class=\"fusion-flexslider fusion-flexslider-loading flexslider flexslider-hover-type-zoomout\"><ul class=\"slides\"><li><a href=\"https:\/\/www.dbvb.utalca.cl\/dbvb\/?p=2786\" aria-label=\"Invitaci\u00f3n SEMINARIO DBVB 30.04.26 &#8211; Dr. Ariel Salvatierra Castro\" class=\"hover-type-zoomout\"><img width=\"700\" height=\"441\" src=\"https:\/\/www.dbvb.utalca.cl\/dbvb\/wp-content\/uploads\/2026\/04\/V2-700x441.png\" class=\"attachment-recent-posts size-recent-posts\" alt=\"\" loading=\"lazy\" srcset=\"https:\/\/www.dbvb.utalca.cl\/dbvb\/wp-content\/uploads\/2026\/04\/V2-320x202.png 320w, https:\/\/www.dbvb.utalca.cl\/dbvb\/wp-content\/uploads\/2026\/04\/V2-700x441.png 700w\" sizes=\"(max-width: 700px) 100vw, 700px\" \/><\/a><\/li><\/ul><\/div><div class=\"recent-posts-content\"><span class=\"vcard\" style=\"display: none;\"><span class=\"fn\"><a href=\"https:\/\/www.dbvb.utalca.cl\/dbvb\/?author=4\" title=\"Publicados por Francisca Faundez\" rel=\"author\">Francisca Faundez<\/a><\/span><\/span><span class=\"updated\" style=\"display:none;\">2026-04-24T14:48:23-03:00<\/span><h4 class=\"entry-title\"><a href=\"https:\/\/www.dbvb.utalca.cl\/dbvb\/?p=2786\">Invitaci\u00f3n SEMINARIO DBVB 30.04.26 &#8211; Dr. Ariel Salvatierra Castro<\/a><\/h4><p class=\"meta\"><span class=\"vcard\" style=\"display: none;\"><span class=\"fn\"><a href=\"https:\/\/www.dbvb.utalca.cl\/dbvb\/?author=4\" title=\"Publicados por Francisca Faundez\" rel=\"author\">Francisca Faundez<\/a><\/span><\/span><span class=\"updated\" style=\"display:none;\">2026-04-24T14:48:23-03:00<\/span><span>Abril 24th, 2026<\/span><span class=\"fusion-inline-sep\">|<\/span><span class=\"fusion-comments\"><a href=\"https:\/\/www.dbvb.utalca.cl\/dbvb\/?p=2786#respond\">0 Comments<\/a><\/span><\/p><p>En el marco del Ciclo de Seminarios del a\u00f1o acad\u00e9mico 2026, organizado por el Doctorado en Ciencias menci\u00f3n Biolog\u00eda Vegetal y Biotecnolog\u00eda (DBVB), tenemos el agrado de invitarlas\/os a participar de la charla titulada:\u00a0\"De ecotipos [...]<\/p><\/div><\/article><article class=\"post fusion-column column col col-lg-4 col-md-4 col-sm-4\"><div class=\"fusion-flexslider fusion-flexslider-loading flexslider flexslider-hover-type-zoomout\"><ul class=\"slides\"><li><a href=\"https:\/\/www.dbvb.utalca.cl\/dbvb\/?p=2773\" aria-label=\"\u00a1Bienvenida Cohorte 2026!\" class=\"hover-type-zoomout\"><img width=\"700\" height=\"441\" src=\"https:\/\/www.dbvb.utalca.cl\/dbvb\/wp-content\/uploads\/2026\/04\/0-1-700x441.jpg\" class=\"attachment-recent-posts size-recent-posts\" alt=\"\" loading=\"lazy\" srcset=\"https:\/\/www.dbvb.utalca.cl\/dbvb\/wp-content\/uploads\/2026\/04\/0-1-320x202.jpg 320w, https:\/\/www.dbvb.utalca.cl\/dbvb\/wp-content\/uploads\/2026\/04\/0-1-700x441.jpg 700w\" sizes=\"(max-width: 700px) 100vw, 700px\" \/><\/a><\/li><\/ul><\/div><div class=\"recent-posts-content\"><span class=\"vcard\" style=\"display: none;\"><span class=\"fn\"><a href=\"https:\/\/www.dbvb.utalca.cl\/dbvb\/?author=4\" title=\"Publicados por Francisca Faundez\" rel=\"author\">Francisca Faundez<\/a><\/span><\/span><span class=\"updated\" style=\"display:none;\">2026-04-14T12:57:33-03:00<\/span><h4 class=\"entry-title\"><a href=\"https:\/\/www.dbvb.utalca.cl\/dbvb\/?p=2773\">\u00a1Bienvenida Cohorte 2026!<\/a><\/h4><p class=\"meta\"><span class=\"vcard\" style=\"display: none;\"><span class=\"fn\"><a href=\"https:\/\/www.dbvb.utalca.cl\/dbvb\/?author=4\" title=\"Publicados por Francisca Faundez\" rel=\"author\">Francisca Faundez<\/a><\/span><\/span><span class=\"updated\" style=\"display:none;\">2026-04-14T12:57:33-03:00<\/span><span>Abril 14th, 2026<\/span><span class=\"fusion-inline-sep\">|<\/span><span class=\"fusion-comments\"><a href=\"https:\/\/www.dbvb.utalca.cl\/dbvb\/?p=2773#respond\">0 Comments<\/a><\/span><\/p><p>El programa de Doctorado en Ciencias, menci\u00f3n Biolog\u00eda Vegetal y Biotecnolog\u00eda de la Universidad de Talca, recibi\u00f3 a sus estudiantes Cohorte 2026 en una jornada informativa y de camarader\u00eda. Una actividad que fue liderada por [...]<\/p><\/div><\/article><\/section><div class=\"pagination clearfix\"><span class=\"current\">1<\/span><a href=\"https:\/\/www.dbvb.utalca.cl\/dbvb\/index.php?rest_route=%2Fwp%2Fv2%2Fpages%2F305&#038;paged=2\" class=\"inactive\">2<\/a><a class=\"pagination-next\" href=\"https:\/\/www.dbvb.utalca.cl\/dbvb\/index.php?rest_route=%2Fwp%2Fv2%2Fpages%2F305&#038;paged=2\"><span class=\"page-text\">Next<\/span><span class=\"page-next\"><\/span><\/a><\/div><div class=\"fusion-clearfix\"><\/div><\/div><div class=\"fusion-clearfix\"><\/div><\/div><\/div><\/div><\/div><style type=\"text\/css\">.fusion-fullwidth.fusion-builder-row-1 a:not(.fusion-button):not(.fusion-builder-module-control):not(.fusion-social-network-icon):not(.fb-icon-element):not(.fusion-countdown-link):not(.fusion-rollover-link):not(.fusion-rollover-gallery):not(.fusion-button-bar):not(.add_to_cart_button):not(.show_details_button):not(.product_type_external):not(.fusion-quick-view):not(.fusion-rollover-title-link):not(.fusion-breadcrumb-link) , .fusion-fullwidth.fusion-builder-row-1 a:not(.fusion-button):not(.fusion-builder-module-control):not(.fusion-social-network-icon):not(.fb-icon-element):not(.fusion-countdown-link):not(.fusion-rollover-link):not(.fusion-rollover-gallery):not(.fusion-button-bar):not(.add_to_cart_button):not(.show_details_button):not(.product_type_external):not(.fusion-quick-view):not(.fusion-rollover-title-link):not(.fusion-breadcrumb-link):before, .fusion-fullwidth.fusion-builder-row-1 a:not(.fusion-button):not(.fusion-builder-module-control):not(.fusion-social-network-icon):not(.fb-icon-element):not(.fusion-countdown-link):not(.fusion-rollover-link):not(.fusion-rollover-gallery):not(.fusion-button-bar):not(.add_to_cart_button):not(.show_details_button):not(.product_type_external):not(.fusion-quick-view):not(.fusion-rollover-title-link):not(.fusion-breadcrumb-link):after {color: #212934;}.fusion-fullwidth.fusion-builder-row-1 a:not(.fusion-button):not(.fusion-builder-module-control):not(.fusion-social-network-icon):not(.fb-icon-element):not(.fusion-countdown-link):not(.fusion-rollover-link):not(.fusion-rollover-gallery):not(.fusion-button-bar):not(.add_to_cart_button):not(.show_details_button):not(.product_type_external):not(.fusion-quick-view):not(.fusion-rollover-title-link):not(.fusion-breadcrumb-link):hover, .fusion-fullwidth.fusion-builder-row-1 a:not(.fusion-button):not(.fusion-builder-module-control):not(.fusion-social-network-icon):not(.fb-icon-element):not(.fusion-countdown-link):not(.fusion-rollover-link):not(.fusion-rollover-gallery):not(.fusion-button-bar):not(.add_to_cart_button):not(.show_details_button):not(.product_type_external):not(.fusion-quick-view):not(.fusion-rollover-title-link):not(.fusion-breadcrumb-link):hover:before, .fusion-fullwidth.fusion-builder-row-1 a:not(.fusion-button):not(.fusion-builder-module-control):not(.fusion-social-network-icon):not(.fb-icon-element):not(.fusion-countdown-link):not(.fusion-rollover-link):not(.fusion-rollover-gallery):not(.fusion-button-bar):not(.add_to_cart_button):not(.show_details_button):not(.product_type_external):not(.fusion-quick-view):not(.fusion-rollover-title-link):not(.fusion-breadcrumb-link):hover:after {color: #00bcd4;}.fusion-fullwidth.fusion-builder-row-1 .pagination a.inactive:hover, .fusion-fullwidth.fusion-builder-row-1 .fusion-filters .fusion-filter.fusion-active a {border-color: #00bcd4;}.fusion-fullwidth.fusion-builder-row-1 .pagination .current {border-color: #00bcd4; background-color: #00bcd4;}.fusion-fullwidth.fusion-builder-row-1 .fusion-filters .fusion-filter.fusion-active a, .fusion-fullwidth.fusion-builder-row-1 .fusion-date-and-formats .fusion-format-box, .fusion-fullwidth.fusion-builder-row-1 .fusion-popover, .fusion-fullwidth.fusion-builder-row-1 .tooltip-shortcode {color: #00bcd4;}#main .fusion-fullwidth.fusion-builder-row-1 .post .blog-shortcode-post-title a:hover {color: #00bcd4;}<\/style>\n","protected":false},"excerpt":{"rendered":"","protected":false},"author":1,"featured_media":0,"parent":0,"menu_order":0,"comment_status":"closed","ping_status":"closed","template":"","meta":[],"_links":{"self":[{"href":"https:\/\/www.dbvb.utalca.cl\/dbvb\/index.php?rest_route=\/wp\/v2\/pages\/305"}],"collection":[{"href":"https:\/\/www.dbvb.utalca.cl\/dbvb\/index.php?rest_route=\/wp\/v2\/pages"}],"about":[{"href":"https:\/\/www.dbvb.utalca.cl\/dbvb\/index.php?rest_route=\/wp\/v2\/types\/page"}],"author":[{"embeddable":true,"href":"https:\/\/www.dbvb.utalca.cl\/dbvb\/index.php?rest_route=\/wp\/v2\/users\/1"}],"replies":[{"embeddable":true,"href":"https:\/\/www.dbvb.utalca.cl\/dbvb\/index.php?rest_route=%2Fwp%2Fv2%2Fcomments&post=305"}],"version-history":[{"count":7,"href":"https:\/\/www.dbvb.utalca.cl\/dbvb\/index.php?rest_route=\/wp\/v2\/pages\/305\/revisions"}],"predecessor-version":[{"id":312,"href":"https:\/\/www.dbvb.utalca.cl\/dbvb\/index.php?rest_route=\/wp\/v2\/pages\/305\/revisions\/312"}],"wp:attachment":[{"href":"https:\/\/www.dbvb.utalca.cl\/dbvb\/index.php?rest_route=%2Fwp%2Fv2%2Fmedia&parent=305"}],"curies":[{"name":"wp","href":"https:\/\/api.w.org\/{rel}","templated":true}]}}